1
160
-1c (base 14) to base 12
-22
What is -24 (base 5) in base 6?
-22
What is -4 (base 11) in base 12?
-4
Convert 1 (base 8) to base 15.
1
Convert 38 (base 10) to base 15.
28
What is -7 (base 10) in base 5?
-12
What is -21 (base 6) in base 15?
-d
Convert 9 (base 12) to base 9.
10
What is 1101110 (base 2) in base 10?
110
Convert -2 (base 9) to base 10.
-2
What is 333 (base 6) in base 2?
10000001
-2 (base 3) to base 14
-2
14 (base 16) to base 3
202
23 (base 9) to base 7
30
23 (base 11) to base 16
19
42 (base 9) to base 3
1102
Convert 95 (base 10) to base 13.
74
Convert -3 (base 16) to base 3.
-10
-6 (base 9) to base 12
-6
Convert -210 (base 5) to base 12.
-47
9 (base 16) to base 4
21
7b (base 16) to base 13
96
Convert -15c (base 13) to base 15.
-116
Convert -3 (base 8) to base 12.
-3
Convert 16 (base 12) to base 7.
24
Convert 0 (base 5) to base 15.
0
What is 22 (base 4) in base 16?
a
What is 10 (base 6) in base 2?
110
What is -3 (base 15) in base 10?
-3
0 (base 11) to base 3
0
What is 0 (base 2) in base 4?
0
What is -5 (base 12) in base 3?
-12
What is -4d (base 15) in base 9?
-81
What is c (base 15) in base 5?
22
What is -41 (base 7) in base 4?
-131
Convert 15 (base 12) to base 4.
101
What is 11 (base 6) in base 8?
7
Convert 10 (base 2) to base 14.
2
What is -2 (base 5) in base 11?
-2
What is -1 (base 5) in base 13?
-1
What is -10000 (base 2) in base 12?
-14
What is -1 (base 6) in base 9?
-1
-35 (base 7) to base 15
-1b
-1 (base 14) to base 13
-1
What is -1 (base 10) in base 6?
-1
5 (base 14) to base 9
5
-2 (base 4) to base 8
-2
What is -12 (base 6) in base 7?
-11
-52 (base 14) to base 4
-1020
a (base 12) to base 11
a
What is 10000 (base 2) in base 15?
11
What is 9 (base 11) in base 4?
21
What is 42 (base 14) in base 7?
112
-2 (base 15) to base 5
-2
Convert -99 (base 14) to base 8.
-207
What is -16 (base 11) in base 16?
-11
-62 (base 10) to base 4
-332
Convert -50 (base 7) to base 6.
-55
What is 7c (base 16) in base 10?
124
Convert -9 (base 14) to base 7.
-12
2 (base 15) to base 14
2
What is -4 (base 15) in base 10?
-4
What is -7 (base 9) in base 10?
-7
Convert 28 (base 13) to base 10.
34
Convert -2 (base 11) to base 2.
-10
What is 11 (base 4) in base 12?
5
What is -60 (base 8) in base 5?
-143
Convert 12 (base 3) to base 15.
5
-23 (base 12) to base 9
-30
-13 (base 6) to base 2
-1001
What is 62 (base 12) in base 8?
112
Convert -11011111 (base 2) to base 11.
-193
Convert -10 (base 10) to base 15.
-a
What is -a4 (base 15) in base 3?
-12201
What is 26 (base 16) in base 15?
28
What is 54 (base 7) in base 16?
27
What is -12 (base 3) in base 7?
-5
What is -a (base 16) in base 11?
-a
-33 (base 4) to base 5
-30
201 (base 13) to base 2
101010011
Convert 1110 (base 2) to base 15.
e
-10 (base 6) to base 3
-20
110000000 (base 2) to base 13
237
Convert -41 (base 5) to base 11.
-1a
What is 144 (base 7) in base 10?
81
-1 (base 6) to base 12
-1
What is -23 (base 11) in base 14?
-1b
Convert -26 (base 10) to base 8.
-32
What is -100 (base 2) in base 16?
-4
What is a (base 13) in base 7?
13
What is -44 (base 12) in base 8?
-64
-179 (base 11) to base 4
-3033
Convert -9 (base 16) to base 3.
-100
-11 (base 6) to base 10
-7
13 (base 13) to base 7
22
-a (base 15) to base 16
-a
-310 (base 6) to base 12
-96
Convert 41 (base 16) to base 10.
65
Convert -1 (base 8) to base 11.
-1
-22 (base 6) to base 9
-15
What is 70 (base 10) in base 4?
1012
-3 (base 5) to base 3
-10
41 (base 5) to base 16
15
What is 20 (base 3) in base 7?
6
What is -65 (base 16) in base 10?
-101
Convert 8 (base 16) to base 6.
12
1 (base 8) to base 14
1
What is -111 (base 4) in base 3?
-210
What is 10 (base 5) in base 2?
101
What is -11 (base 6) in base 15?
-7
-52 (base 12) to base 2
-111110
What is -47 (base 9) in base 6?
-111
Convert -11 (base 8) to base 10.
-9
-314 (base 6) to base 11
-a8
-30 (base 4) to base 5
-22
0 (base 6) to base 13
0
5 (base 6) to base 5
10
20 (base 11) to base 10
22
Convert 0 (base 3) to base 11.
0
Convert -3 (base 11) to base 9.
-3
11100101 (base 2) to base 13
148
Convert 10 (base 3) to base 16.
3
Convert 21122 (base 3) to base 6.
542
-58 (base 14) to base 13
-60
What is -401 (base 5) in base 13?
-7a
What is 0 (base 4) in base 9?
0
What is -234 (base 10) in base 5?
-1414
-4 (base 11) to base 16
-4
Convert -15 (base 6) to base 5.
-21
-1 (base 8) to base 6
-1
What is 178 (base 11) in base 4?
3032
-c4 (base 15) to base 7
-352
What is 1012 (base 3) in base 8?
40
What is -1 (base 10) in base 13?
-1
Convert 13 (base 6) to base 7.
12
1100 (base 2) to base 5
22
What is -16 (base 11) in base 12?
-15
What is -110 (base 6) in base 8?
-52
4 (base 9) to base 7
4
What is -200 (base 6) in base 15?
-4c
Convert -34 (base 9) to base 4.
-133
Convert 0 (base 4) to base 13.
0
Convert 7 (base 10) to base 6.
11
-14 (base 16) to base 2
-10100
What is 0 (base 15) in base 7?
0
What is -1 (base 11) in base 7?
-1
10100 (base 4) to base 15
132
What is -100 (base 2) in base 16?
-4
What is -3 (base 16) in base 14?
-3
What is -43 (base 10) in base 8?
-53
What is -1023 (base 4) in base 10?
-75
Convert 323 (base 5) to base 9.
107
Convert -12 (base 6) to base 8.
-10
What is -114 (base 10) in base 3?
-11020
What is 42 (base 5) in base 10?
22
What is 1313 (base 6) in base 10?
333
What is 21 (base 14) in base 4?
131
What is -3 (base 6) in base 4?
-3
100 (base 6) to base 8
44
Convert 2 (base 16) to base 14.
2
What is -1 (base 3) in base 7?
-1
What is -111110 (base 2) in base 13?
-4a
-a1 (base 15) to base 10
-151
Convert -1 (base 9) to base 6.
-1
12 (base 16) to base 7
24
-124 (base 6) to base 15
-37
1a (base 13) to base 9
25
-251 (base 10) to base 14
-13d
What is 0 (base 13) in base 9?
0
Convert -3 (base 14) to base 11.
-3
Convert -313 (base 5) to base 2.
-1010011
1 (base 15) to base 2
1
-1 (base 4) to base 5
-1
Convert 2 (base 6) to base 3.
2
Convert 0 (base 9) to base 4.
0
What is -13 (base 6) in base 15?
-9
What is -1001 (base 2) in base 9?
-10
Convert -4 (base 12) to base 6.
-4
What is 213 (base 4) in base 10?
39
Convert 4 (base 10) to base 3.
11
What is -23 (base 6) in base 5?
-30
What is -1 (base 13) in base 3?
-1
What is 14 (base 5) in base 4?
21
Convert -3 (base 13) to base 15.
-3
Convert -3 (base 10) to base 3.
-10
What is 228 (base 11) in base 10?
272
What is -8 (base 12) in base 15?
-8
1110011 (base 2) to base 5
430
8 (base 11) to base 7
11
What is -49 (base 16) in base 6?
-201
Convert 5 (base 14) to base 12.
5
10000 (base 2) to base 7
22
What is -2 (base 13) in base 16?
-2
b (base 13) to base 15
b
-3 (base 5) to base 10
-3
Convert 2 (base 3) to base 13.
2
Convert -10 (base 3) to base 11.
-3
0 (base 13) to base 2
0
102 (base 3) to base 12
b
What is 58 (base 12) in base 13?
53
Convert 5 (base 9) to base 7.
5
-3 (base 16) to base 4
-3
19 (base 13) to base 11
20
What is -3 (base 7) in base 16?
-3
Convert 130 (base 4) to base 9.
31
4 (base 8) to base 13
4
What is 7 (base 9) in base 6?
11
24 (base 7) to base 16
12
19 (base 10) to base 13
16
What is 0 (base 13) in base 7?
0
What is -8 (base 13) in base 4?
-20
What is 3 (base 12) in base 6?
3
Convert 2 (base 13) to base 5.
2
Convert 0 (base 2) to base 12.
0
What is 41 (base 15) in base 12?
51
1 (base 8) to base 2
1
18 (base 16) to base 6
40
Convert 2c (base 13) to base 8.
46
What is -3 (base 16) in base 7?
-3
What is -2224 (base 5) in base 6?
-1242
Convert -3 (base 12) to base 9.
-3
0 (base 10) to base 7
0
Convert 1113 (base 4) to base 12.
73
What is 5 (base 10) in base 11?
5
114 (base 7) to base 13
48
3 (base 6) to base 14
3
Convert 105 (base 6) to base 8.
51
Convert -2 (base 13) to base 12.
-2
4 (base 13) to base 4
10
Convert 2 (base 16) to base 7.
2
What is 37 (base 9) in base 3?
1021
What is 43 (base 14) in base 13?
47
What is -5 (base 16) in base 11?
-5
2 (base 15) to base 10
2
What is -62 (base 10) in base 16?
-3e
-2b (base 13) to base 8
-45
Convert -5 (base 9) to base 10.
-5
What is 11 (base 13) in base 16?
e
What is 1022 (base 4) in base 8?
112
Convert -205 (base 14) to base 10.
-397
Convert 12b (base 12) to base 9.
218
Convert -8 (base 11) to base 9.
-8
What is -9a (base 13) in base 11?
-106
Convert 0 (base 16) to base 9.
0
Convert -14 (base 12) to base 10.
-16
Convert -65 (base 13) to base 12.
-6b
Convert -2 (base 16) to base 8.
-2
Convert 11 (base 4